late the remainder when 353 is divided by 91.
80
What is the remainder when 52 is divided by 41?
11
Calculate the remainder when 2263 is divided by 28.
23
Calculate the remainder when 393 is divided by 19.
13
What is the remainder when 55 is divided by 3?
1
What is the remainder when 131 is divided by 34?
29
What is the remainder when 87 is divided by 25?
12
Calculate the remainder when 74 is divided by 72.
2
What is the remainder when 583 is divided by 22?
11
Calculate the remainder when 9634 is divided by 122.
118
Calculate the remainder when 582 is divided by 27.
15
What is the remainder when 203 is divided by 175?
28
Calculate the remainder when 3802 is divided by 88.
18
What is the remainder when 896 is divided by 48?
32
What is the remainder when 1495 is divided by 740?
15
Calculate the remainder when 140 is divided by 33.
8
Calculate the remainder when 2766 is divided by 13.
10
Calculate the remainder when 69 is divided by 36.
33
Calculate the remainder when 1196 is divided by 72.
44
Calculate the remainder when 226 is divided by 96.
34
Calculate the remainder when 12281 is divided by 267.
266
What is the remainder when 57 is divided by 9?
3
Calculate the remainder when 3891 is divided by 300.
291
Calculate the remainder when 28 is divided by 7.
0
Calculate the remainder when 188 is divided by 27.
26
Calculate the remainder when 8956 is divided by 32.
28
What is the remainder when 81 is divided by 41?
40
What is the remainder when 542 is divided by 9?
2
Calculate the remainder when 503 is divided by 196.
111
Calculate the remainder when 375 is divided by 10.
5
Calculate the remainder when 53 is divided by 14.
11
What is the remainder when 285 is divided by 41?
39
What is the remainder when 1548 is divided by 759?
30
Calculate the remainder when 28300 is divided by 159.
157
What is the remainder when 205 is divided by 14?
9
What is the remainder when 293 is divided by 101?
91
Calculate the remainder when 22832 is divided by 49.
47
Calculate the remainder when 1408 is divided by 83.
80
Calculate the remainder when 14372 is divided by 91.
85
What is the remainder when 144 is divided by 117?
27
Calculate the remainder when 298 is divided by 51.
43
What is the remainder when 187 is divided by 48?
43
Calculate the remainder when 479 is divided by 30.
29
What is the remainder when 318 is divided by 65?
58
What is the remainder when 12003 is divided by 58?
55
Calculate the remainder when 36 is divided by 16.
4
Calculate the remainder when 59 is divided by 26.
7
Calculate the remainder when 287 is divided by 87.
26
Calculate the remainder when 293 is divided by 84.
41
What is the remainder when 239 is divided by 116?
7
Calculate the remainder when 44 is divided by 39.
5
What is the remainder when 585 is divided by 195?
0
What is the remainder when 624 is divided by 15?
9
What is the remainder when 250 is divided by 128?
122
What is the remainder when 156 is divided by 54?
48
Calculate the remainder when 2049 is divided by 7.
5
Calculate the remainder when 94 is divided by 17.
9
What is the remainder when 1461 is divided by 164?
149
Calculate the remainder when 142 is divided by 37.
31
What is the remainder when 726 is divided by 170?
46
What is the remainder when 861 is divided by 18?
15
Calculate the remainder when 150 is divided by 97.
53
Calculate the remainder when 30 is divided by 14.
2
What is the remainder when 821 is divided by 9?
2
What is the remainder when 99 is divided by 29?
12
What is the remainder when 663 is divided by 28?
19
Calculate the remainder when 2440 is divided by 40.
0
What is the remainder when 4915 is divided by 82?
77
Calculate the remainder when 147 is divided by 46.
9
Calculate the remainder when 304 is divided by 106.
92
What is the remainder when 75 is divided by 17?
7
Calculate the remainder when 272 is divided by 50.
22
Calculate the remainder when 129 is divided by 11.
8
Calculate the remainder when 264 is divided by 4.
0
Calculate the remainder when 364 is divided by 30.
4
What is the remainder when 404 is divided by 56?
12
What is the remainder when 234 is divided by 230?
4
Calculate the remainder when 1082 is divided by 19.
18
What is the remainder when 333 is divided by 42?
39
What is the remainder when 608 is divided by 12?
8
Calculate the remainder when 123 is divided by 74.
49
What is the remainder when 49 is divided by 19?
11
Calculate the remainder when 356 is divided by 45.
41
What is the remainder when 106 is divided by 43?
20
Calculate the remainder when 8944 is divided by 126.
124
What is the remainder when 437 is divided by 55?
52
What is the remainder when 2065 is divided by 9?
4
What is the remainder when 1867 is divided by 104?
99
What is the remainder when 67 is divided by 18?
13
What is the remainder when 438 is divided by 169?
100
What is the remainder when 66 is divided by 5?
1
Calculate the remainder when 59 is divided by 23.
13
Calculate the remainder when 9279 is divided by 37.
29
What is the remainder when 222 is divided by 60?
42
Calculate the remainder when 63 is divided by 13.
11
Calculate the remainder when 1085 is divided by 216.
5
What is the remainder when 9465 is divided by 77?
71
Calculate the remainder when 309 is divided by 78.
75
What is the remainder when 437 is divided by 185?
67
Calculate the remainder when 13 is divided by 13.
0
Calculate the remainder when 103 is divided by 2.
1
Calculate the remainder when 214 is divided by 4.
2
What is the remainder when 1600 is divided by 60?
40
What is the remainder when 36 is divided by 4?
0
Calculate the remainder when 5749 is divided by 23.
22
Calculate the remainder when 1441 is divided by 38.
35
What is the remainder when 74 is divided by 53?
21
What is the remainder when 84 is divided by 20?
4
Calculate the remainder when 871 is divided by 45.
16
What is the remainder when 402 is divided by 244?
158
What is the remainder when 282 is divided by 72?
66
Calculate the remainder when 506 is divided by 494.
12
Calculate the remainder when 2095 is divided by 20.
15
What is the remainder when 3396 is divided by 43?
42
What is the remainder when 1017 is divided by 69?
51
What is the remainder when 592 is divided by 226?
140
Calculate the remainder when 394 is divided by 206.
188
What is the remainder when 168 is divided by 20?
8
What is the remainder when 2364 is divided by 100?
64
Calculate the remainder when 5906 is divided by 4.
2
What is the remainder when 2224 is divided by 134?
80
What is the remainder when 16 is divided by 3?
1
Calculate the remainder when 401 is divided by 200.
1
What is the remainder when 2974 is divided by 13?
10
Calculate the remainder when 95 is divided by 24.
23
What is the remainder when 195 is divided by 18?
15
Calculate the remainder when 109124 is divided by 291.
290
What is the remainder when 659 is divided by 217?
8
Calculate the remainder when 6394 is divided by 6.
4
Calculate the remainder when 2959 is divided by 212.
203
Calculate the remainder when 70 is divided by 18.
16
Calculate the remainder when 183 is divided by 53.
24
What is the remainder when 3676 is divided by 1223?
7
Calculate the remainder when 438 is divided by 44.
42
Calculate the remainder when 88 is divided by 5.
3
Calculate the remainder when 34 is divided by 5.
4
Calculate the remainder when 1115 is divided by 62.
61
Calculate the remainder when 1292 is divided by 34.
0
Calculate the remainder when 262 is divided by 12.
10
What is the remainder when 6044 is divided by 42?
38
Calculate the remainder when 4139 is divided by 41.
39
What is the remainder when 273 is divided by 25?
23
What is the remainder when 211 is divided by 205?
6
Calculate the remainder when 4127 is divided by 14.
11
What is the remainder when 493 is divided by 87?
58
What is the remainder when 1461 is divided by 66?
9
What is the remainder when 417 is divided by 72?
57
What is the remainder when 267 is divided by 167?
100
Calculate the remainder when 255 is divided by 107.
41
Calculate the remainder when 98326 is divided by 34.
32
Calculate the remainder when 29 is divided by 18.
11
Calculate the remainder when 1053 is divided by 12.
9
What is the remainder when 270 is divided by 34?
32
Calculate the remainder when 439 is divided by 40.
39
Calculate the 